{"id":518,"date":"2025-04-30T13:23:19","date_gmt":"2025-04-30T18:23:19","guid":{"rendered":"https:\/\/tomatumoto.com\/motos\/?page_id=518"},"modified":"2025-04-30T13:27:11","modified_gmt":"2025-04-30T18:27:11","slug":"terminos-y-condiciones","status":"publish","type":"page","link":"https:\/\/tomatumoto.com\/motos\/inicio\/terminos-y-condiciones\/","title":{"rendered":"T\u00e9rminos y Condiciones"},"content":{"rendered":"\t\t<div data-elementor-type=\"wp-page\" data-elementor-id=\"518\" class=\"elementor elementor-518\" data-elementor-settings=\"{&quot;element_pack_global_tooltip_width&quot;:{&quot;unit&quot;:&quot;px&quot;,&quot;size&quot;:&quot;&quot;,&quot;sizes&quot;:[]},&quot;element_pack_global_tooltip_width_tablet&quot;:{&quot;unit&quot;:&quot;px&quot;,&quot;size&quot;:&quot;&quot;,&quot;sizes&quot;:[]},&quot;element_pack_global_tooltip_width_mobile&quot;:{&quot;unit&quot;:&quot;px&quot;,&quot;size&quot;:&quot;&quot;,&quot;sizes&quot;:[]},&quot;element_pack_global_tooltip_padding&quot;:{&quot;unit&quot;:&quot;px&quot;,&quot;top&quot;:&quot;&quot;,&quot;right&quot;:&quot;&quot;,&quot;bottom&quot;:&quot;&quot;,&quot;left&quot;:&quot;&quot;,&quot;isLinked&quot;:true},&quot;element_pack_global_tooltip_padding_tablet&quot;:{&quot;unit&quot;:&quot;px&quot;,&quot;top&quot;:&quot;&quot;,&quot;right&quot;:&quot;&quot;,&quot;bottom&quot;:&quot;&quot;,&quot;left&quot;:&quot;&quot;,&quot;isLinked&quot;:true},&quot;element_pack_global_tooltip_padding_mobile&quot;:{&quot;unit&quot;:&quot;px&quot;,&quot;top&quot;:&quot;&quot;,&quot;right&quot;:&quot;&quot;,&quot;bottom&quot;:&quot;&quot;,&quot;left&quot;:&quot;&quot;,&quot;isLinked&quot;:true},&quot;element_pack_global_tooltip_border_radius&quot;:{&quot;unit&quot;:&quot;px&quot;,&quot;top&quot;:&quot;&quot;,&quot;right&quot;:&quot;&quot;,&quot;bottom&quot;:&quot;&quot;,&quot;left&quot;:&quot;&quot;,&quot;isLinked&quot;:true},&quot;element_pack_global_tooltip_border_radius_tablet&quot;:{&quot;unit&quot;:&quot;px&quot;,&quot;top&quot;:&quot;&quot;,&quot;right&quot;:&quot;&quot;,&quot;bottom&quot;:&quot;&quot;,&quot;left&quot;:&quot;&quot;,&quot;isLinked&quot;:true},&quot;element_pack_global_tooltip_border_radius_mobile&quot;:{&quot;unit&quot;:&quot;px&quot;,&quot;top&quot;:&quot;&quot;,&quot;right&quot;:&quot;&quot;,&quot;bottom&quot;:&quot;&quot;,&quot;left&quot;:&quot;&quot;,&quot;isLinked&quot;:true}}\" data-elementor-post-type=\"page\">\n\t\t\t\t<div class=\"elementor-element elementor-element-d9ff745 e-flex e-con-boxed e-con e-parent\" data-id=\"d9ff745\" data-element_type=\"container\" data-e-type=\"container\">\n\t\t\t\t\t<div class=\"e-con-inner\">\n\t\t\t\t<div class=\"elementor-element elementor-element-c081025 elementor-widget elementor-widget-text-editor\" data-id=\"c081025\" data-element_type=\"widget\" data-e-type=\"widget\" data-widget_type=\"text-editor.default\">\n\t\t\t\t<div class=\"elementor-widget-container\">\n\t\t\t\t\t\t\t\t\t<p>Autorizo expresa e indefinidamente a\u00a0<strong>TOMATUMOTO.COM S.A.S.<\/strong>, a sus establecimientos, distribuidores y en general a sus representantes, empleados autorizados o responsables, para recolectar, almacenar, utilizar, circular o suprimir los datos suministrados por m\u00ed, para prop\u00f3sitos comerciales, promocionales, publicitarios, estad\u00edsticos, de mercadeo, gesti\u00f3n de cobranza pre-jur\u00eddica, jur\u00eddica y relacionados con la calidad de los servicios que prestan, inclusive para contactarme, comunicarme o notificarme sobre temas relacionados con sus productos y servicios.<\/p><p>\u00a0<\/p><p>Tambi\u00e9n autorizo para que mis datos personales sean administrados y tratados a trav\u00e9s de los sistemas de informaci\u00f3n de\u00a0<strong>TOMATUMOTO.COM S.A.S.<\/strong>, de sus establecimientos, distribuidores y en general representantes, empleados autorizados o responsables.<\/p><p>\u00a0<\/p><p>Reconozco que\u00a0<strong>TOMATUMOTO.COM S.A.S.<\/strong>\u00a0me ha informado cu\u00e1les son las finalidades del tratamiento de los datos suministrados y que conozco mis derechos referentes a la posibilidad de solicitar conocer, actualizar y rectificar mis datos personales, conocer sobre el uso que se le ha dado a mis datos personales, solicitar prueba de la presente autorizaci\u00f3n, revocar mi autorizaci\u00f3n para el tratamiento o solicitar la supresi\u00f3n de mis datos personales, de acuerdo a lo se\u00f1alado en las Pol\u00edticas de Privacidad y uso de la informaci\u00f3n que se encuentran en [Pol\u00edtica de privacidad y tratamiento de datos personales].<\/p><p>\u00a0<\/p><p>Reconozco que puedo ejercer mis derechos como titular de los datos personales a trav\u00e9s de los canales de contacto dispuestos por\u00a0<strong>TOMATUMOTO.COM S.A.S<\/strong>. en su p\u00e1gina web o por cualquier otro medio. Tambi\u00e9n reconozco los derechos que tengo como titular de la informaci\u00f3n suministrada.<\/p><p>\u00a0<\/p><p>Reconozco que el suministro de mis datos personales sensibles es facultativo y en caso de haberlos suministrado, lo he hecho voluntariamente.<\/p><p>\u00a0<\/p><p>\u00a0<\/p>\t\t\t\t\t\t\t\t<\/div>\n\t\t\t\t<\/div>\n\t\t\t\t\t<\/div>\n\t\t\t\t<\/div>\n\t\t\t\t<\/div>\n\t\t","protected":false},"excerpt":{"rendered":"<p>Autorizo expresa e indefinidamente a\u00a0TOMATUMOTO.COM S.A.S., a sus establecimientos, distribuidores y en general a sus representantes, empleados autorizados o responsables, para recolectar, almacenar, utilizar, circular o suprimir los datos suministrados por m\u00ed, para prop\u00f3sitos comerciales, promocionales, publicitarios, estad\u00edsticos, de mercadeo, [&hellip;]<\/p>\n","protected":false},"author":2,"featured_media":0,"parent":36,"menu_order":0,"comment_status":"closed","ping_status":"closed","template":"","meta":{"_acf_changed":false,"_joinchat":[],"footnotes":""},"class_list":["post-518","page","type-page","status-publish","hentry"],"acf":[],"_links":{"self":[{"href":"https:\/\/tomatumoto.com\/motos\/wp-json\/wp\/v2\/pages\/518","targetHints":{"allow":["GET"]}}],"collection":[{"href":"https:\/\/tomatumoto.com\/motos\/wp-json\/wp\/v2\/pages"}],"about":[{"href":"https:\/\/tomatumoto.com\/motos\/wp-json\/wp\/v2\/types\/page"}],"author":[{"embeddable":true,"href":"https:\/\/tomatumoto.com\/motos\/wp-json\/wp\/v2\/users\/2"}],"replies":[{"embeddable":true,"href":"https:\/\/tomatumoto.com\/motos\/wp-json\/wp\/v2\/comments?post=518"}],"version-history":[{"count":4,"href":"https:\/\/tomatumoto.com\/motos\/wp-json\/wp\/v2\/pages\/518\/revisions"}],"predecessor-version":[{"id":522,"href":"https:\/\/tomatumoto.com\/motos\/wp-json\/wp\/v2\/pages\/518\/revisions\/522"}],"up":[{"embeddable":true,"href":"https:\/\/tomatumoto.com\/motos\/wp-json\/wp\/v2\/pages\/36"}],"wp:attachment":[{"href":"https:\/\/tomatumoto.com\/motos\/wp-json\/wp\/v2\/media?parent=518"}],"curies":[{"name":"wp","href":"https:\/\/api.w.org\/{rel}","templated":true}]}}